nder when 175221 is divided by 293.
7
What is the remainder when 4105 is divided by 101?
65
Calculate the remainder when 72992 is divided by 36476.
40
What is the remainder when 292497 is divided by 60?
57
Calculate the remainder when 6492249 is divided by 39.
36
What is the remainder when 344 is divided by 159?
26
Calculate the remainder when 18208 is divided by 588.
568
Calculate the remainder when 44813 is divided by 891.
263
Calculate the remainder when 13808 is divided by 6903.
2
Calculate the remainder when 29259 is divided by 29016.
243
Calculate the remainder when 969669 is divided by 33.
30
Calculate the remainder when 3814 is divided by 24.
22
Calculate the remainder when 31093 is divided by 280.
13
Calculate the remainder when 47809 is divided by 131.
125
What is the remainder when 2364 is divided by 214?
10
Calculate the remainder when 37388 is divided by 12459.
11
Calculate the remainder when 6521 is divided by 2144.
89
Calculate the remainder when 2768 is divided by 127.
101
What is the remainder when 15505 is divided by 573?
34
What is the remainder when 4137997 is divided by 10?
7
What is the remainder when 127 is divided by 66?
61
Calculate the remainder when 6431 is divided by 61.
26
What is the remainder when 22077 is divided by 1149?
246
Calculate the remainder when 95389 is divided by 5.
4
Calculate the remainder when 101146 is divided by 50555.
36
Calculate the remainder when 3092 is divided by 28.
12
What is the remainder when 136340 is divided by 92?
88
What is the remainder when 1358297 is divided by 578?
575
What is the remainder when 146998 is divided by 610?
598
What is the remainder when 97719 is divided by 3051?
87
What is the remainder when 127584 is divided by 127575?
9
What is the remainder when 2672 is divided by 386?
356
Calculate the remainder when 19437 is divided by 10.
7
What is the remainder when 3259366 is divided by 2088?
2086
What is the remainder when 189 is divided by 88?
13
Calculate the remainder when 114069 is divided by 271.
249
What is the remainder when 88 is divided by 9?
7
What is the remainder when 8127 is divided by 625?
2
What is the remainder when 734218 is divided by 45888?
10
Calculate the remainder when 232972 is divided by 8.
4
Calculate the remainder when 12890 is divided by 1432.
2
Calculate the remainder when 1538 is divided by 293.
73
What is the remainder when 1023 is divided by 501?
21
What is the remainder when 4323 is divided by 1436?
15
What is the remainder when 4054 is divided by 271?
260
Calculate the remainder when 4551 is divided by 4541.
10
What is the remainder when 1727587 is divided by 17?
13
Calculate the remainder when 12098 is divided by 1008.
2
Calculate the remainder when 370832 is divided by 8.
0
What is the remainder when 33179 is divided by 65?
29
Calculate the remainder when 33926 is divided by 895.
811
Calculate the remainder when 12594 is divided by 28.
22
What is the remainder when 28765 is divided by 472?
445
What is the remainder when 306908 is divided by 243?
242
What is the remainder when 14537 is divided by 87?
8
What is the remainder when 81898 is divided by 180?
178
Calculate the remainder when 186682 is divided by 17.
5
What is the remainder when 5427 is divided by 798?
639
What is the remainder when 1396857 is divided by 1396852?
5
Calculate the remainder when 41938 is divided by 1113.
757
What is the remainder when 16271 is divided by 627?
596
Calculate the remainder when 645 is divided by 487.
158
What is the remainder when 60063 is divided by 12006?
33
What is the remainder when 3833 is divided by 1899?
35
Calculate the remainder when 561 is divided by 133.
29
Calculate the remainder when 97317 is divided by 984.
885
Calculate the remainder when 175966 is divided by 4399.
6
Calculate the remainder when 423720 is divided by 1136.
1128
What is the remainder when 122689 is divided by 148?
145
What is the remainder when 1785 is divided by 338?
95
Calculate the remainder when 8581 is divided by 82.
53
What is the remainder when 55435 is divided by 16?
11
What is the remainder when 115086 is divided by 401?
400
What is the remainder when 19957 is divided by 9810?
337
What is the remainder when 1444 is divided by 856?
588
Calculate the remainder when 2697 is divided by 995.
707
What is the remainder when 9462 is divided by 556?
10
Calculate the remainder when 7709 is divided by 15.
14
What is the remainder when 197 is divided by 92?
13
What is the remainder when 720 is divided by 682?
38
What is the remainder when 19210 is divided by 409?
396
What is the remainder when 4745 is divided by 19?
14
Calculate the remainder when 296 is divided by 288.
8
What is the remainder when 126 is divided by 72?
54
What is the remainder when 2200 is divided by 102?
58
What is the remainder when 11220 is divided by 77?
55
What is the remainder when 23446 is divided by 586?
6
What is the remainder when 20648 is divided by 6877?
17
Calculate the remainder when 3309 is divided by 1100.
9
Calculate the remainder when 5813 is divided by 651.
605
Calculate the remainder when 183997 is divided by 34.
23
What is the remainder when 8408 is divided by 1680?
8
What is the remainder when 28025 is divided by 3500?
25
What is the remainder when 771 is divided by 483?
288
Calculate the remainder when 13001 is divided by 191.
13
Calculate the remainder when 43062 is divided by 14.
12
What is the remainder when 24129 is divided by 2679?
18
Calculate the remainder when 14358 is divided by 192.
150
Calculate the remainder when 12501 is divided by 274.
171
Calculate the remainder when 101991 is divided by 30.
21
Calculate the remainder when 1013434 is divided by 67.
59
What is the remainder when 45795 is divided by 239?
146
Calculate the remainder when 231 is divided by 64.
39
Calculate the remainder when 14755 is divided by 133.
125
What is the remainder when 2903 is divided by 155?
113
What is the remainder when 14556 is divided by 211?
208
What is the remainder when 229864 is divided by 13?
11
What is the remainder when 7303 is divided by 1548?
1111
Calculate the remainder when 750312 is divided by 4.
0
Calculate the remainder when 2531 is divided by 813.
92
What is the remainder when 328317 is divided by 288?
285
What is the remainder when 25264 is divided by 8415?
19
What is the remainder when 2853424 is divided by 25?
24
What is the remainder when 41051 is divided by 51?
47
What is the remainder when 1086 is divided by 267?
18
Calculate the remainder when 5180 is divided by 206.
30
Calculate the remainder when 2199 is divided by 673.
180
What is the remainder when 642 is divided by 150?
42
Calculate the remainder when 17775 is divided by 421.
93
What is the remainder when 22623 is divided by 73?
66
What is the remainder when 41300 is divided by 386?
384
Calculate the remainder when 17854 is divided by 93.
91
What is the remainder when 24470 is divided by 6112?
22
What is the remainder when 514 is divided by 74?
70
What is the remainder when 500430 is divided by 16?
14
Calculate the remainder when 6497 is divided by 3203.
91
What is the remainder when 903 is divided by 191?
139
Calculate the remainder when 2677 is divided by 177.
22
Calculate the remainder when 1566 is divided by 84.
54
Calculate the remainder when 1836 is divided by 334.
166
What is the remainder when 67689 is divided by 67670?
19
Calculate the remainder when 223612 is divided by 111796.
20
Calculate the remainder when 1342973 is divided by 512.
509
Calculate the remainder when 13159 is divided by 40.
39
What is the remainder when 2299 is divided by 540?
139
What is the remainder when 723 is divided by 86?
35
What is the remainder when 4074 is divided by 66?
48
What is the remainder when 20368 is divided by 21?
19
What is the remainder when 38386 is divided by 47?
34
Calculate the remainder when 292903 is divided by 893.
892
What is the remainder when 2224 is divided by 2210?
14
Calculate the remainder when 8444533 is divided by 8.
5
What is the remainder when 20460 is divided by 341?
0
Calculate the remainder when 22416 is divided by 267.
255
Calculate the remainder when 11834 is divided by 10.
4
Calculate the remainder when 1053 is divided by 63.
45
What is the remainder when 7191129 is divided by 29?
28
Wh